)?
2
Suppose 102409 + 1191571 = 97*b. What is the hundreds digit of b?
3
Let d be (-28)/(-154) - (2 - (-2073)/(-33)). Suppose -d*b = -54*b - 1351. What is the hundreds digit of b?
1
Let j(i) = -i**3 + 4*i**2 - i - 2. Let y be j(3). Suppose 5*r = 6*r - y*m - 754, -5*m + 2911 = 4*r. What is the hundreds digit of r?
7
Let g be (-276)/40*-4 + 2/5. Suppose -21*n = -g*n + 2359. What is the tens digit of n?
3
Suppose 9*k - 20*k + 10065 = 0. Let b = k - 424. What is the units digit of b?
1
Let q = -344 + 347. Suppose -x - 4271 = -5*x + q*y, x + y - 1059 = 0. What is the units digit of x?
4
Let y(p) be the third derivative of p**4/8 + 19*p**3/2 + 4*p**2. Let m(s) = 16*s + 285. Let k(r) = -2*m(r) + 11*y(r). What is the units digit of k(0)?
7
Suppose 186671 + 1266106 = 188*y - 1626851. What is the ten thousands digit of y?
1
Let t = 6777 + -1827. What is the hundreds digit of t?
9
Suppose -5*q - i = -6*i + 15920, 3200 = -q + 5*i. What is the units digit of ((-6)/7)/(q/(-455) + -7)?
8
Suppose 143*m - 5680506 = 3865030. What is the units digit of m?
2
Suppose -12 = -t - 3*b, -114 = 76*t - 81*t + 3*b. Suppose 3*x + 658 = 4*w, -24*w + 3*x = -t*w - 492. What is the tens digit of w?
6
Let n be 2953 - -16*7/14. Suppose -p - 2*j = -1156, -5*p + 2852 + n = -j. What is the tens digit of p?
6
Let l = 1 + -4. Let f be l*((-44)/12 + 4)*3. What is the units digit of (-43 + -4)*(f - -2) + -1?
6
Let m = 31 + -26. Let l be 21/m + (-4)/20. Suppose -l*a = 35 - 251. What is the tens digit of a?
5
Suppose 3*j - 900 = 3*v, 443*v - 442*v - 298 = -j. What is the units digit of j?
9
Let f(a) = 184*a**2 - 11*a + 92. What is the thousands digit of f(-7)?
9
Suppose -895 + 135 = 8*q. Let w = q + 125. Let m = 94 - w. What is the units digit of m?
4
Suppose -4*i = i - 3*y - 29, -2*i + 17 = -3*y. Suppose 0 = i*b - 7*b + 21. Let k(c) = -c**3 + 8*c**2 - 4*c + 3. What is the tens digit of k(b)?
2
Let f(t) = -t. Let n(y) = 6*y**2 + 2*y + 2. Let b(z) = 5*f(z) + n(z). Suppose -27 = 9*l - 0. What is the tens digit of b(l)?
6
Suppose 0 = 6*y - 5*y - 132. Let j = -72 + y. Suppose j = 9*v - 831. What is the units digit of v?
9
Let q(k) = 462*k + 1548. What is the ten thousands digit of q(23)?
1
Let k = -7656 - -14073. What is the hundreds digit of k?
4
Let f(x) be the second derivative of 0 - 2*x**2 + 34*x + 28/3*x**3. What is the units digit of f(1)?
2
Let m(p) = p**3 - 84*p**2 - 102*p - 1994. What is the thousands digit of m(87)?
1
Suppose -18*g - x = -21*g + 870, -x = 4*g - 1167. What is the hundreds digit of g?
2
Let c(r) = 678*r**2 + 2*r - 3. Suppose -v + 4 = 3*v. Let w be c(v). Suppose -4*o - 7*j = -2*j - w, 0 = 5*o - 5*j - 880. What is the units digit of o?
3
Let m = -12 - -16. Suppose 0 = -4*q + 4 + m. Suppose x + t = 69, -q*x + 4*t = -39 - 99. What is the units digit of x?
9
What is the units digit of (-496*4)/(341/(-2046))?
4
What is the ten thousands digit of (-4 + (768/40)/1)/((-12)/(-9930))?
1
Suppose 1379 = -16*o - 925. Let s = 292 + o. What is the hundreds digit of s?
1
Let b be (-3)/(-5) + 29189/85. Suppose i - 69 - b = -2*p, -5*p = -2*i + 871. Suppose 9 = -6*j + i. What is the tens digit of j?
6
Let c(j) = -4*j**2 + 5*j - 40. Let z(d) = -d**2 - 2*d - 2. Let s(q) = -c(q) + 6*z(q). What is the tens digit of s(-9)?
1
Suppose -2*q + 14507 = 5*v, 2*v + 17887 = 5*q - 18424. What is the units digit of q?
1
Let m(g) = g**2 - 14*g + 30. Suppose -258 - 7 = -5*r. Let a = r - 37. What is the units digit of m(a)?
2
Suppose 45 = -3*u - 2*z + 11, 2*u = -2*z - 26. Suppose 9*f = 2*a + 6*f - 7, -5 = 5*f. What is the units digit of 6 + -1 + (-12)/(u/a)?
8
Let i = -133 - 17. Let h = i + 303. Suppose 3*q + h + 52 = 4*f, 0 = 2*f + 5*q - 109. What is the tens digit of f?
5
Let p(a) = a - 2. Let t(k) = -6*k**2 + 5*k + 40. Let l(y) = -10*p(y) - 2*t(y). What is the hundreds digit of l(-5)?
3
Let p be (3/6 + 2)/((-3)/(-6)). Suppose -p*d = 7 - 17. Suppose -3*x + y - 47 = -230, -d*x - 4*y = -122. What is the tens digit of x?
6
Let p(r) = -2*r**2 - 21*r - 50. Let m be p(-8). Let d = 421 - m. What is the hundreds digit of d?
4
Suppose -3*h - 2*h = -0*h. Suppose -483 = -h*x - 3*x. Suppose s + 5*n = 3*s - x, 2*n + 6 = 0. What is the units digit of s?
3
Let f = 23 + -22. Let x be 3*f/(-3)*0. Let s(b) = -b**3 + 2*b**2 - 2*b + 171. What is the tens digit of s(x)?
7
Suppose 5*m = 6*a - 2*a + 9, -4*a - 4 = -4*m. Suppose a*n = 17 + 3. Suppose n*c = -5*j + c + 365, 2*j - 4*c = 174. What is the tens digit of j?
7
Let c = -6146 + 10260. Suppose 0 = 13*b - 11*b + c. What is the tens digit of b/(-55) - ((-12)/(-15))/2?
3
Let g(x) = x**3 - 7*x**2 - 9*x + 10. Let f be g(8). Suppose -f*h + 5*r = -351, 0*r + r + 1 = 0. Suppose -5*y - h = -718. What is the tens digit of y?
0
What is the hundreds digit of ((-5496)/(-60))/((-2)/(-15))?
6
What is the hundreds digit of ((-4)/22 + (-1104111)/198)/((-7)/14)?
1
Let r(u) = 6*u - 24. Suppose 1 = -3*k + 13. Suppose -k*c + 5*c - 10 = 0. What is the tens digit of r(c)?
3
Suppose -10*i + 13*i + 39161 = 2*n, 0 = -3*n + 2*i + 58744. What is the thousands digit of n?
9
Suppose 17*f = 71*f - 356400. What is the tens digit of f?
0
Let z = -45 + 50. Suppose 3*w - r = -4 + 72, -z*r - 87 = -4*w. Let o = 130 + w. What is the units digit of o?
3
Let u = 163 - 161. Suppose -2*y = -3*w + 8*w - 15, y - u = 3*w. What is the units digit of y?
5
Let p = -38 - -43. Suppose -w + 305 + 136 = -r, 4*w + p*r - 1764 = 0. What is the tens digit of w?
4
What is the thousands digit of 6/141 + 6529584/752?
8
Let h(o) = -4*o**3 + 23*o**2 + o + 25. Let k(v) = -v**3. Let z(s) = h(s) - 5*k(s). Let r be z(-23). Suppose 214 = r*d - 0*d. What is the hundreds digit of d?
1
Let o(i) = -22*i**2 - 925*i - 21. What is the units digit of o(-30)?
9
Suppose 24 = -15*d + 19*d, 0 = 5*f + 4*d - 9274. What is the hundreds digit of f?
8
Let j = 35386 + -20440. What is the ten thousands digit of j?
1
Let y(t) = -t - 12 + 14*t**2 + 11*t**2 + 27*t**2 + 18*t - 12*t**2. What is the tens digit of y(5)?
7
Suppose 500 = 6*r - 2842. Suppose -w = 175 - r. What is the tens digit of w?
8
Let d = 398 + -145. Suppose -5*c - d + 24 = -2*s, -464 = -4*s + 4*c. What is the hundreds digit of s?
1
Suppose -341 = 13*q + 322. What is the units digit of 2*-1 + 614 - q/(-51)?
1
What is the units digit of ((-34428)/(-190))/((-4)/(-40))?
2
Suppose 226*y - u - 82916 = 223*y, -110529 = -4*y + 5*u. What is the thousands digit of y?
7
Let a be (1/1)/(-1)*(-1209)/13. Suppose 0 = 3*c + 180 + a. Let o = c + 184. What is the units digit of o?
3
Suppose -13*u + 11*u - 5*p = -27937, 0 = 4*u + 5*p - 55879. What is the ten thousands digit of u?
1
Let k(w) = w**2 + 13*w + 8. Let q be k(-14). Suppose 461 = q*v - 21*v. What is the units digit of v?
1
Suppose 0 = -18*x + 93 + 51. Suppose 0 = 15*k + x*k - 16330. What is the hundreds digit of k?
7
Suppose 0 = -43*o + 143*o - 755800. What is the units digit of o?
8
Let r be 40/(-9 - -4)*(-15)/(-3). Let h = 85 + r. What is the units digit of 2/(-5) - (-4428)/h?
8
Suppose -a - 2*h + 6074 = h, -8*a - 3*h = -48676. What is the hundreds digit of a?
0
Let a = 81645 + -43998. What is the hundreds digit of a?
6
Let o(s) = -s**3 - 6*s**2 + 8*s + 13. Let g be o(-7). Let u(x) = 1 + 0 - g + 16*x. What is the units digit of u(5)?
5
Let v = 5203 - 3655. What is the hundreds digit of v?
5
Suppose -30609 = -5*f + 12996. What is the hundreds digit of f?
7
Suppose -x = -y - 272, -x - 2*y + 38 = -237. Let k = -66 + x. What is the tens digit of k?
0
Suppose -4*q + 408 - 1212 = 0. Let c = q + 367. Suppose 4*n = -2*b + c, 5*b = n - 35 + 10. What is the units digit of n?
0
Let w = 620 + -1210. Let p = w + 1014. What is the tens digit of p?
2
Let n = 114 + -685. Let m = 847 + n. What is the hundreds digit of m?
2
Let x(m) = -2*m - 3. Let l be x(1). What is the units digit of ((-22)/4 - l)*-568?
4
Let h(k) = 120*k + 110. Let n be (-50)/(-75)*(-15)/(-2). What is the units digit of h(n)?
0
Let k = -102 - -122. Let t(o) = -10*o - 19*o + k*o - 66. What is the units digit of t(-13)?
1
Let c(y) = 4*y**2 - 101*y + 1719. What is the units digit of c(-56)?
9
Suppose 32*o - 49483 - 65998 = 20999. What is the units digit of o?
5
Suppose 8*k + 2*k - 170 = 0. Suppose -5*s - k*y + 1810 = -12*y, 2*s - 5*y - 759 = 0. Suppose -3*n + s = 2*u, -45 = 4*u + 5*n - 784. W